{"id":6,"date":"2015-06-16T22:59:09","date_gmt":"2015-06-16T22:59:09","guid":{"rendered":"https:\/\/www.colegiohermanoscarrera.cl\/?page_id=6"},"modified":"2018-06-15T16:15:17","modified_gmt":"2018-06-15T16:15:17","slug":"historia","status":"publish","type":"page","link":"https:\/\/www.colegiohermanoscarrera.cl\/?page_id=6","title":{"rendered":"Historia"},"content":{"rendered":"<h1 style=\"text-align: center;\">RESE\u00d1A HISTORICA DEL COLEGIO HERMANOS CARRERA<\/h1>\n<p>&nbsp;<\/p>\n<p>La ma\u00f1ana del 18 de agosto de 1945 trajo consigo la alegr\u00eda y la esperanza a quienes por mucho tiempo anhelaron una vida escolar con mejores condiciones.<\/p>\n<p>Fue asi como en un solemne y concurrido acto se procedi\u00f3 a la bendici\u00f3n de la primera piedra como s\u00edmbolo de la pr\u00f3xima edificaci\u00f3n.<\/p>\n<p>En ese acto se cont\u00f3 con la presencia de importantes personalidades como: Sr. Enrique Cort\u00e9s Delgado, en representaci\u00f3n del Ministerio de Educaci\u00f3n, el Sr. Victor Villouta, quien hizo menci\u00f3n en su discurso a quienes hab\u00edan tenido una directa participaci\u00f3n para poder llevar a cabo este anhelo, los Se\u00f1ores Ex Intendente Sr. Pedro Salas Briones, el Sr. Julio M\u00e9ndez Roa, el Diputado por Malleco Sr. Jos\u00e9 Luis Osorio Navarrete, el Sr. Manuel Gal\u00e1z ex empleado de la Notaria, quien sin recibir remuneraci\u00f3n alguna, realizo los tr\u00e1mites para la cesi\u00f3n del terreno Municipal. Esta ceremonia se realizo en la antigua Plaza de Co\u00f1u\u00f1uco, bendecida por el Cura P\u00e1rroco de ese entonces, Don Ambrosio Villa, con los acordes de la Banda Husares.<\/p>\n<p>Realizaron el programa los Coros Polif\u00f3nicos de la Escuela Normal entonando la marcha de San Lorenzo. Luego hicieron uso de la palabra, el Sr. Hector Ortega como miembro del consejo de la sociedad constructora y el Sr. Nabor Cofr\u00e9 Palma, inspector Provicional de Educacion Malleco. De capital valor fue el discurso del Sr. Luis Martinez Gonzalez refiri\u00e9ndose a la importancia que tendr\u00eda este hogar para la educaci\u00f3n de las futuras generaciones. Seguidamente se firmo el acta de la bendici\u00f3n de la primera piedra, por los se\u00f1ores: Nilo Miranda, Intendente, Victor Villouta, Alcalde, Tucapel Palomino, Comandante subrogante de \u201cHusares\u201d y otras autoridades educacionales. El Sr. Lazaro TOpali contratista de la obra ofreci\u00f3 coktail en la Escuela de Aplicaci\u00f3n a las autoridades y profesorado, pasado 18 meses, el dia 01 de mayo de 1947, la casa de albos muros abr\u00eda sus puertas esperando la llegada de los entusiastas escolares. El 02 de mayo de 1947 siendo las once y cuatro minutos de la ma\u00f1ana la comisi\u00f3n llamada por el gobierno llegaba de la capital en la que formaba parte el Sr. Oscar Busto Aburto, Director General de Educacion Primaria, el Sr. Enrique Cortes Delgado, Inspector del Servicio y el representante de la firma constructora de edificios educaciones quien recibi\u00f3 de parte del Sr. Topali y hacer entrega de las llaves al Sr. Ministro quien la dejo en manos del Sr. Luis Martinez quien por decreto ley N\u00b05835 del 03 de julio de 1947 pasaba a dirigirle.<\/p>\n<p style=\"text-align: right;\">Primer discurso- 1947<\/p>\n","protected":false},"excerpt":{"rendered":"<p>RESE\u00d1A HISTORICA DEL COLEGIO HERMANOS CARRERA &nbsp; La ma\u00f1ana del 18 de agosto de 1945 trajo consigo la alegr\u00eda y<\/p>\n","protected":false},"author":2,"featured_media":0,"parent":0,"menu_order":2,"comment_status":"closed","ping_status":"open","template":"","meta":{"colormag_page_container_layout":"default_layout","colormag_page_sidebar_layout":"default_layout","footnotes":""},"class_list":["post-6","page","type-page","status-publish","hentry"],"_links":{"self":[{"href":"https:\/\/www.colegiohermanoscarrera.cl\/index.php?rest_route=\/wp\/v2\/pages\/6","targetHints":{"allow":["GET"]}}],"collection":[{"href":"https:\/\/www.colegiohermanoscarrera.cl\/index.php?rest_route=\/wp\/v2\/pages"}],"about":[{"href":"https:\/\/www.colegiohermanoscarrera.cl\/index.php?rest_route=\/wp\/v2\/types\/page"}],"author":[{"embeddable":true,"href":"https:\/\/www.colegiohermanoscarrera.cl\/index.php?rest_route=\/wp\/v2\/users\/2"}],"replies":[{"embeddable":true,"href":"https:\/\/www.colegiohermanoscarrera.cl\/index.php?rest_route=%2Fwp%2Fv2%2Fcomments&post=6"}],"version-history":[{"count":4,"href":"https:\/\/www.colegiohermanoscarrera.cl\/index.php?rest_route=\/wp\/v2\/pages\/6\/revisions"}],"predecessor-version":[{"id":246,"href":"https:\/\/www.colegiohermanoscarrera.cl\/index.php?rest_route=\/wp\/v2\/pages\/6\/revisions\/246"}],"wp:attachment":[{"href":"https:\/\/www.colegiohermanoscarrera.cl\/index.php?rest_route=%2Fwp%2Fv2%2Fmedia&parent=6"}],"curies":[{"name":"wp","href":"https:\/\/api.w.org\/{rel}","templated":true}]}}